{"id":166,"date":"2018-08-21T12:20:36","date_gmt":"2018-08-21T10:20:36","guid":{"rendered":"http:\/\/dev.zv-maintal.de\/?page_id=166"},"modified":"2023-07-18T11:27:34","modified_gmt":"2023-07-18T09:27:34","slug":"produkte","status":"publish","type":"page","link":"https:\/\/www.zv-maintal.de\/?page_id=166","title":{"rendered":"Produkte"},"content":{"rendered":"<div class=\"wp-block-image\">\n<figure class=\"alignright\"><img loading=\"lazy\" decoding=\"async\" width=\"224\" height=\"222\" src=\"http:\/\/dev.zv-maintal.de\/wp-content\/uploads\/2017\/10\/guetezeichen2.gif\" alt=\"G\u00fctezeichen Kompost RAL \" class=\"wp-image-124\"\/><\/figure>\n<\/div>\n\n\n<p>In der RAL-G\u00fctesicherung werden Frisch und Fertigkomposte unterschieden. Frischkompost ist hygienisierter, in intensiver Rotte befindlicher Kompost mit Rottegrad II oder III. Fertigkompost ist hygienisierter und biologisch stabilisierter Kompost mit Rottegrad IV oder V.<br>In den Pr\u00fcfzeugnissen der RAL G\u00fctesicherung sind die Qualit\u00e4tsmerkmale der jeweiligen Komposte ausgewiesen. Das Pr\u00fcfzeugnis enth\u00e4lt u.a. auch die verbindliche Warendeklaration.<br><br><\/p>\n\n\n\n<p style=\"line-height:1\">Frischkompost<\/p>\n\n\n\n<hr class=\"wp-block-separator has-css-opacity\"\/>\n\n\n\n<p>Fertigkompost           <\/p>\n\n\n\n<p class=\"has-vivid-red-color has-text-color\">         <strong>         <\/strong><\/p>\n\n\n\n<hr class=\"wp-block-separator has-css-opacity\"\/>\n\n\n\n<p style=\"line-height:1\">Sackware<\/p>\n","protected":false},"excerpt":{"rendered":"<p>In der RAL-G\u00fctesicherung werden Frisch und Fertigkomposte unterschieden. Frischkompost ist hygienisierter, in intensiver Rotte befindlicher Kompost mit Rottegrad II oder III. Fertigkompost ist hygienisierter und biologisch stabilisierter Kompost mit Rottegrad IV oder V.In den Pr\u00fcfzeugnissen der RAL G\u00fctesicherung sind die Qualit\u00e4tsmerkmale der jeweiligen Komposte ausgewiesen. Das Pr\u00fcfzeugnis enth\u00e4lt u.a. auch die verbindliche Warendeklaration. Frischkompost Fertigkompost [&hellip;]<\/p>\n","protected":false},"author":1,"featured_media":124,"parent":0,"menu_order":0,"comment_status":"closed","ping_status":"closed","template":"","meta":{"footnotes":""},"class_list":["post-166","page","type-page","status-publish","has-post-thumbnail","czr-hentry"],"_links":{"self":[{"href":"https:\/\/www.zv-maintal.de\/index.php?rest_route=\/wp\/v2\/pages\/166","targetHints":{"allow":["GET"]}}],"collection":[{"href":"https:\/\/www.zv-maintal.de\/index.php?rest_route=\/wp\/v2\/pages"}],"about":[{"href":"https:\/\/www.zv-maintal.de\/index.php?rest_route=\/wp\/v2\/types\/page"}],"author":[{"embeddable":true,"href":"https:\/\/www.zv-maintal.de\/index.php?rest_route=\/wp\/v2\/users\/1"}],"replies":[{"embeddable":true,"href":"https:\/\/www.zv-maintal.de\/index.php?rest_route=%2Fwp%2Fv2%2Fcomments&post=166"}],"version-history":[{"count":8,"href":"https:\/\/www.zv-maintal.de\/index.php?rest_route=\/wp\/v2\/pages\/166\/revisions"}],"predecessor-version":[{"id":511,"href":"https:\/\/www.zv-maintal.de\/index.php?rest_route=\/wp\/v2\/pages\/166\/revisions\/511"}],"wp:featuredmedia":[{"embeddable":true,"href":"https:\/\/www.zv-maintal.de\/index.php?rest_route=\/wp\/v2\/media\/124"}],"wp:attachment":[{"href":"https:\/\/www.zv-maintal.de\/index.php?rest_route=%2Fwp%2Fv2%2Fmedia&parent=166"}],"curies":[{"name":"wp","href":"https:\/\/api.w.org\/{rel}","templated":true}]}}